{"id":465,"date":"2019-09-05T17:01:19","date_gmt":"2019-09-05T17:01:19","guid":{"rendered":"http:\/\/wordpress.kita-wichernhaus.de\/?page_id=465"},"modified":"2025-03-18T13:00:53","modified_gmt":"2025-03-18T12:00:53","slug":"vorwort-der-gemeinde","status":"publish","type":"page","link":"https:\/\/www.kita-wichernhaus.de\/?page_id=465","title":{"rendered":"Vorwort der Gemeinde"},"content":{"rendered":"\n<p><strong>Liebe Eltern!<\/strong><br><br>Auf dieser Internetseite erhalten Sie Informationen \u00fcber die Kita Wichernhaus und\u00a0erfahren Sie  alles, was f\u00fcr Sie von Interesse ist, wenn Sie Ihr Kind dem  Wichernhaus-Team unserer Gemeinde anvertrauen.  <br><br>Qualifizierte und erfahrene Fachkr\u00e4fte f\u00f6rdern die  Pers\u00f6nlichkeitsentwicklung Ihres Kindes, ohne es zu \u00fcberfordern; sie  sorgen behutsam daf\u00fcr, dass das Kind in eine Gruppe hineinfindet und  soziales Verhalten lernt; altersgem\u00e4\u00df vermitteln sie grundlegendes  Wissen, haben acht auf Ihr Kind beim Spielen drinnen, drau\u00dfen und bei kleinen Ausfl\u00fcgen. <br><br>Und das ist das Besondere  einer kirchlichen Einrichtung: die Mitarbeitenden \u00f6ffnen Ihrem Kind den Blick f\u00fcr Gott und sein Wirken in dieser Welt. Dazu geh\u00f6rt auch das Singen religi\u00f6ser Lieder, auch Minigottesdienste und Feiern zu den besonderen Festen im  Jahreskreis.<\/p>\n\n\n\n<div class=\"wp-block-image\"><figure class=\"alignright\"><img decoding=\"async\" src=\"https:\/\/www.kita-wichernhaus.de\/images\/kirche1_160.jpg\" alt=\"\"\/><\/figure><\/div>\n\n\n\n<p>Damit f\u00fchren die Erzieherinnen im Auftrag der Kirchengemeinde  eine lange gute Tradition fort. Seit mehr als 100 Jahren ist die  Pers\u00f6nlichkeitsentwicklung und die religi\u00f6se Begleitung der J\u00fcngsten Schwerpunkt unserer Gemeindearbeit. <br><br>Die Mitarbeiterinnen  orientieren sich in ihrem Umgang mit Kindern und Eltern an der  Menschenfreundlichkeit Gottes, an seiner aufmerksamen und respektvollen  Hinwendung zu jedem und zu jeder.<br><br>Es gr\u00fc\u00dft Sie herzlich das Presbyterium der Ev. Kirchengemeinde Milspe-R\u00fcggeberg<strong> <\/strong><\/p>\n\n\n\n<h4 class=\"wp-block-heading\">Gemeindehaus an der Kindertageseinrichtung<\/h4>\n\n\n\n<figure class=\"wp-block-image size-large is-resized\"><img loading=\"lazy\" decoding=\"async\" src=\"https:\/\/www.kita-wichernhaus.de\/wp-content\/uploads\/2021\/09\/Haus-2021-1024x999.jpeg\" alt=\"\" class=\"wp-image-1539\" width=\"372\" height=\"362\" srcset=\"https:\/\/www.kita-wichernhaus.de\/wp-content\/uploads\/2021\/09\/Haus-2021-1024x999.jpeg 1024w, https:\/\/www.kita-wichernhaus.de\/wp-content\/uploads\/2021\/09\/Haus-2021-300x293.jpeg 300w, https:\/\/www.kita-wichernhaus.de\/wp-content\/uploads\/2021\/09\/Haus-2021-768x750.jpeg 768w, https:\/\/www.kita-wichernhaus.de\/wp-content\/uploads\/2021\/09\/Haus-2021-1536x1499.jpeg 1536w, https:\/\/www.kita-wichernhaus.de\/wp-content\/uploads\/2021\/09\/Haus-2021-2048x1999.jpeg 2048w, https:\/\/www.kita-wichernhaus.de\/wp-content\/uploads\/2021\/09\/Haus-2021-1200x1171.jpeg 1200w\" sizes=\"auto, (max-width: 372px) 85vw, 372px\" \/><\/figure>\n","protected":false},"excerpt":{"rendered":"<p>Liebe Eltern! Auf dieser Internetseite erhalten Sie Informationen \u00fcber die Kita Wichernhaus und\u00a0erfahren Sie alles, was f\u00fcr Sie von Interesse ist, wenn Sie Ihr Kind dem Wichernhaus-Team unserer Gemeinde anvertrauen. Qualifizierte und erfahrene Fachkr\u00e4fte f\u00f6rdern die Pers\u00f6nlichkeitsentwicklung Ihres Kindes, ohne es zu \u00fcberfordern; sie sorgen behutsam daf\u00fcr, dass das Kind in eine Gruppe hineinfindet und &hellip; <a href=\"https:\/\/www.kita-wichernhaus.de\/?page_id=465\" class=\"more-link\"><span class=\"screen-reader-text\">\u201eVorwort der Gemeinde\u201c <\/span>weiterlesen<\/a><\/p>\n","protected":false},"author":1,"featured_media":0,"parent":18,"menu_order":1,"comment_status":"closed","ping_status":"closed","template":"","meta":{"footnotes":""},"class_list":["post-465","page","type-page","status-publish","hentry"],"_links":{"self":[{"href":"https:\/\/www.kita-wichernhaus.de\/index.php?rest_route=\/wp\/v2\/pages\/465","targetHints":{"allow":["GET"]}}],"collection":[{"href":"https:\/\/www.kita-wichernhaus.de\/index.php?rest_route=\/wp\/v2\/pages"}],"about":[{"href":"https:\/\/www.kita-wichernhaus.de\/index.php?rest_route=\/wp\/v2\/types\/page"}],"author":[{"embeddable":true,"href":"https:\/\/www.kita-wichernhaus.de\/index.php?rest_route=\/wp\/v2\/users\/1"}],"replies":[{"embeddable":true,"href":"https:\/\/www.kita-wichernhaus.de\/index.php?rest_route=%2Fwp%2Fv2%2Fcomments&post=465"}],"version-history":[{"count":10,"href":"https:\/\/www.kita-wichernhaus.de\/index.php?rest_route=\/wp\/v2\/pages\/465\/revisions"}],"predecessor-version":[{"id":1798,"href":"https:\/\/www.kita-wichernhaus.de\/index.php?rest_route=\/wp\/v2\/pages\/465\/revisions\/1798"}],"up":[{"embeddable":true,"href":"https:\/\/www.kita-wichernhaus.de\/index.php?rest_route=\/wp\/v2\/pages\/18"}],"wp:attachment":[{"href":"https:\/\/www.kita-wichernhaus.de\/index.php?rest_route=%2Fwp%2Fv2%2Fmedia&parent=465"}],"curies":[{"name":"wp","href":"https:\/\/api.w.org\/{rel}","templated":true}]}}